 when p(-1) is divided by 4?
0
Suppose 5*f - 28 + 98 = 0. Let x = f + 23. Suppose -2*m - 35 = -x*m. What is the remainder when 17 is divided by m?
2
Let c(w) = -w**2 - 15*w - 6. Let q be c(-5). Suppose -5*a = 2*j - q, -5*j = -3*j - 2*a - 30. Let t = 21 - j. What is the remainder when 11 is divided by t?
3
Suppose 0*s - 46 = v + 3*s, 0 = -3*v + 5*s - 166. Let y = -2 - 4. What is the remainder when 23 is divided by v/y*12/8?
10
Let u(x) = 21*x. Let h be u(1). Calculate the remainder when -3 + 2/(-1 - -3)*44 is divided by h/((6/4)/1).
13
Let y(i) = -3 - 1 + 3 + 2 - 3*i. Let l be y(2). Calculate the remainder when (l/(-3))/(2/78) is divided by 22.
21
What is the remainder when 110547/346 - 3/2 is divided by 50?
18
Let a(s) = 2*s**2 + 24*s - 93. Let r(c) = -11*c + 2. Calculate the remainder when a(-19) is divided by r(-3).
33
What is the remainder when 501 is divided by ((-24)/2)/(-11 + (-525)/(-49))?
39
What is the remainder when 4 + 3300/35 + (-6)/21 is divided by 35?
28
Suppose 0 = -3*n + 890 - 20. Let w = -199 + n. Calculate the remainder when w is divided by 47.
44
Let o = 40 - 36. Suppose -62 = -6*f + o. Calculate the remainder when 40 is divided by f.
7
Let a = -4 + 6. Let o(t) = t**2 - 13*t + 88. What is the remainder when o(8) is divided by (a + (-21)/9)*-21?
6
Let m(o) = o**3 + 8*o**2 - 2*o + 10. Suppose -16*x + 11*x = 40. What is the remainder when m(x) is divided by 6?
2
Let x(d) = -d**2 - 11*d - 5. Let f be x(-9). Suppose -6*p + 65 = -f. Calculate the remainder when 20 is divided by p.
7
Let y(g) = 2*g + 7. Let m be y(6). Let f be (0 - -6)*(-153)/(-27). Let h = f - m. Calculate the remainder when 118 is divided by h.
13
Calculate the remainder when 837 is divided by (-10)/8 - 18080/(-128).
137
Suppose -x - 3*b - 1 = 0, -5*x + 2*x - 4*b = -2. Calculate the remainder when (13/(117/(-12)))/((-4)/18) is divided by x.
0
Let q = 46 + -19. What is the remainder when 2/(-5) + 1191/15 is divided by q?
25
Let a be -3 - (-24 - (-3 + 4)). Let r = a - -10. Calculate the remainder when r is divided by (-90)/(-4)*4/5.
14
Let h(g) = -g + 36. Let r be h(20). Let u = 3 + r. Calculate the remainder when 168 is divided by u.
16
Suppose -879 = -9*b + 246. What is the remainder when b is divided by 57?
11
Suppose f - 4 = 2. Suppose 49*z = 39*z + 260. What is the remainder when z is divided by f?
2
Suppose -2*c + 137 - 89 = 0. Let v = 48 - -47. Calculate the remainder when v is divided by c.
23
Suppose -7*d + 1111 = 173. Calculate the remainder when d is divided by 45.
44
Suppose 0 = 42*g + 1754 - 5156. What is the remainder when g is divided by 7?
4
Suppose 13*f - 28 = -f. Suppose -r = -5*o - 48, f*r - o - 22 = 65. What is the remainder when r is divided by 9?
7
Let p(v) = v + 62. What is the remainder when 181 is divided by p(0)?
57
Suppose 0 = -w - w + 20. Let o = 5170 - 5142. Calculate the remainder when o is divided by w.
8
Let v(d) be the second derivative of -7*d**3/6 - 23*d**2/2 - 5*d. What is the remainder when v(-14) is divided by 13?
10
Let b(x) = -x - 7. Let h be b(11). Calculate the remainder when (-28)/3*h/12 - -2 is divided by 9.
7
Suppose h + 165*k - 355 = 167*k, k = -5*h + 1742. Calculate the remainder when h is divided by 30.
19
Suppose 5*i - 2*f - 57 = 0, 0 = 3*i + 3*f - 20 - 31. Let v = 140 + -29. Let w = 135 - v. What is the remainder when w is divided by i?
11
Let j(u) = -12*u + 19. Let g be j(6). Let d = -47 - g. Calculate the remainder when 16 is divided by d.
4
Let c(s) = s**2 - s + 1. Let a(g) = g**3 - 20*g**2 + 7*g - 15. Let o(b) = a(b) + 5*c(b). What is the remainder when 118 is divided by o(15)?
18
Let d(q) = 2*q**2 + 12*q - 3 - 2*q**2 - q**2. Let z = -415 + 508. Calculate the remainder when z is divided by d(7).
29
Suppose 3*h - 2*u + 4*u - 18 = 0, -17 = -5*h + u. Suppose 2*q - 4*g = -3*q + 90, h*g = -2*q + 36. Calculate the remainder when q is divided by 7.
4
Suppose -214 = 3*b - 4*p, p + 66 = -b + 5*p. Let f = 80 + b. Let x = 1 - -10. What is the remainder when x is divided by f?
5
Let k(g) be the first derivative of g**4/4 - 7*g**3/3 + 9*g**2/2 - 9*g - 6. Calculate the remainder when 35 - -2 - (-6)/(-3) is divided by k(6).
8
Suppose g - 2*t = -4, -2*t = 2*g - t - 12. Suppose -3*d + z = -366, g*z - 118 = -d + 3*z. Calculate the remainder when d is divided by 31.
28
Suppose -r = -2 + 1. Let t = -8 - r. What is the remainder when 84/(-10)*30/t is divided by 10?
8
Suppose 150 = 4*c - 5*j + 49, -j = 4*c - 95. Let w = -2 + c. What is the remainder when 85 is divided by w?
19
Suppose f + 61 = y, 2*y - 154 = -5*f + 3. Calculate the remainder when 140 is divided by y.
8
Suppose -3*s + 7*s + 4*s = 0. Suppose s = -r + j + 6, 1 = -3*r - 4*j + 12. What is the remainder when 19 is divided by r?
4
Calculate the remainder when 77 is divided by (-12)/10 - 182/(-10).
9
Suppose 0 = -2*f + 8*f - 90. What is the remainder when 3*(3/12)/(3/164) is divided by f?
11
Let u be (-2)/11 - (11 + (-707)/77). Let q be 2/(-3) - (-2310)/9. What is the remainder when u/9 + q/18 is divided by 8?
6
Suppose -127*p + 102*p = -625. What is the remainder when 198 is divided by p?
23
Suppose 0*g + 74 = 2*g + 4*w, -4*g - 3*w + 138 = 0. Let h(v) = -4*v + 3*v + 2*v + g. Calculate the remainder when 35 is divided by h(-15).
17
Let j be 0 + -5 + 2 + 32. Let k = j + -3. What is the remainder when k is divided by 7?
5
Let d(i) = 14*i + 95. Calculate the remainder when d(16) is divided by 41.
32
Let b(l) = -l**3 + 9*l**2 + 13*l + 7. Suppose -2*a - 11 + 31 = 0. What is the remainder when 72 is divided by b(a)?
35
Suppose 10*i - 36 - 14 = 0. What is the remainder when 35 is divided by 4/(-10) - ((-268)/20 - i)?
17
Suppose 5*q = 2*q + 309. Suppose 9*u - u = -8. Let w(c) = -36*c**3 - 3*c**2 + c + 3. Calculate the remainder when q is divided by w(u).
33
Let m(a) = 46*a - 1095. What is the remainder when 33 is divided by m(24)?
6
Let c be ((-4)/5)/((-12)/30). Suppose 0 = 3*b - 3*t - 102, b - c*t + 5*t - 34 = 0. Calculate the remainder when b is divided by 6/(1*(-2)/(-4)).
10
What is the remainder when 15 is divided by (25 - 25) + (-12)/(-2)?
3
Let b(o) = 2*o**3 - 11*o**2 + 52*o - 2. What is the remainder when b(7) is divided by 86?
79
Suppose -575 + 185 = -5*w - 5*r, r = -5*w + 370. Calculate the remainder when w is divided by 2/(4/38) - -1.
13
Let z = 24 + -1. Let y = -12 + z. Calculate the remainder when 32 is divided by y.
10
Let v = 55 + -54. Let h = -51 + 72. What is the remainder when (v - -163)/(4 + -2) is divided by h?
19
Let c = 12 - 7. Suppose -40 - 124 = -2*b - 2*a, 326 = 4*b + c*a. What is the remainder when -2 - 1/((-3)/b) is divided by 14?
12
Suppose 60*o - 47*o = 377. What is the remainder when o is divided by 10?
9
Suppose -6 = -l + t, -3*l + t + 10 = -4*t. Suppose 17 = n - l. Calculate the remainder when n is divided by 15.
12
Let x(u) = u + 4. Let z(a) = -2*a**3 + 17*a**2 - 9*a - 54. What is the remainder when z(7) is divided by x(7)?
8
Let o = -20 + 30. Suppose -2*h = -4*c - 24, -84*h - 9 = -81*h + 3*c. What is the remainder when o is divided by h?
0
Suppose 4*k + 11 = 4*b - 17, k - 53 = -4*b. What is the remainder when 79 is divided by 12*((-5)/10 - (-14)/b)?
7
Suppose -4*g - 2 = -2*g, g = 2*i - 341. Let b be i/8 + (-12)/(-16). Suppose 4*x = -8, -4*k + b + 18 = 2*x. What is the remainder when 21 is divided by k?
10
Let n = 218 + -203. Calculate the remainder when 36 is divided by n.
6
Suppose 5*m = -4*u + 194, m + 1 = -1. What is the remainder when 149 is divided by u?
47
Let p = -28 + 28. Suppose -13*v + 8*v + 50 = p. Suppose r = -2 + v. Calculate the remainder when 13 is divided by r.
5
Let k = -75 - -80. Suppose -6*d - 2 + 14 = 0. What is the remainder when k is divided by d?
1
Suppose 5*u - 76 = -2*y, -4*u + 2 = -3*u. Calculate the remainder when y is divided by ((-192)/112)/((-2)/14).
9
Suppose 2*c + 3*c = 25. Suppose 3*z - c*a + 5 - 6 = 0, -4*z + 10 = 2*a. Suppose -z*n = -n - 11. Calculate the remainder when 21 is divided by n.
10
Let r = 9 + -6. Suppose 65 = r*z + 2*z + 5*u, -3*z + 41 = 4*u. Let g = -6 + z. Calculate the remainder when 18 is divided by g.
3
Let c(p) = -p + 6. Let x(a) = 4*a - 24. Let l(f) = 9*c(f) + 2*x(f). Suppose -20 = 16*q + 60. Calculate the remainder when 32 is divided by l(q).
10
Let v(k) = k**3 - 7*k**2 + 18*k - 12. What is 